e factors of 6640.
2, 5, 83
What are the prime factors of 53464?
2, 41, 163
List the prime factors of 113272.
2, 14159
What are the prime factors of 1279?
1279
List the prime factors of 19932.
2, 3, 11, 151
What are the prime factors of 3735?
3, 5, 83
List the prime factors of 1561.
7, 223
What are the prime factors of 30272?
2, 11, 43
List the prime factors of 1365.
3, 5, 7, 13
What are the prime factors of 4133?
4133
List the prime factors of 4369.
17, 257
What are the prime factors of 571?
571
List the prime factors of 55415.
5, 11083
What are the prime factors of 3095?
5, 619
List the prime factors of 534.
2, 3, 89
List the prime factors of 10037.
10037
What are the prime factors of 9196?
2, 11, 19
List the prime factors of 1249.
1249
List the prime factors of 56933.
17, 197
What are the prime factors of 334?
2, 167
What are the prime factors of 1736?
2, 7, 31
What are the prime factors of 544?
2, 17
What are the prime factors of 547?
547
List the prime factors of 85990.
2, 5, 8599
What are the prime factors of 1330?
2, 5, 7, 19
List the prime factors of 3422.
2, 29, 59
List the prime factors of 40201.
7, 5743
List the prime factors of 54133.
54133
List the prime factors of 8095.
5, 1619
What are the prime factors of 145?
5, 29
What are the prime factors of 7911?
3, 293
What are the prime factors of 11392?
2, 89
What are the prime factors of 967?
967
List the prime factors of 14422.
2, 7211
What are the prime factors of 16669?
79, 211
What are the prime factors of 1803?
3, 601
What are the prime factors of 4161?
3, 19, 73
What are the prime factors of 419?
419
List the prime factors of 4714.
2, 2357
What are the prime factors of 68674?
2, 34337
What are the prime factors of 704?
2, 11
What are the prime factors of 3063?
3, 1021
What are the prime factors of 1076?
2, 269
List the prime factors of 6213.
3, 19, 109
List the prime factors of 14981.
71, 211
What are the prime factors of 54001?
54001
List the prime factors of 4694.
2, 2347
What are the prime factors of 43437?
3, 14479
List the prime factors of 4686.
2, 3, 11, 71
What are the prime factors of 8466?
2, 3, 17, 83
List the prime factors of 1300.
2, 5, 13
List the prime factors of 3022.
2, 1511
What are the prime factors of 1536?
2, 3
List the prime factors of 133157.
133157
List the prime factors of 142490.
2, 5, 14249
List the prime factors of 1544.
2, 193
List the prime factors of 6677.
11, 607
What are the prime factors of 20045?
5, 19, 211
What are the prime factors of 11753?
7, 23, 73
List the prime factors of 17586.
2, 3, 977
List the prime factors of 1134.
2, 3, 7
List the prime factors of 2217.
3, 739
What are the prime factors of 38782?
2, 19391
List the prime factors of 5573.
5573
List the prime factors of 22910.
2, 5, 29, 79
What are the prime factors of 5629?
13, 433
List the prime factors of 702.
2, 3, 13
List the prime factors of 3236.
2, 809
List the prime factors of 599.
599
List the prime factors of 456.
2, 3, 19
List the prime factors of 48793.
59, 827
List the prime factors of 7645.
5, 11, 139
What are the prime factors of 21733?
103, 211
List the prime factors of 5005.
5, 7, 11, 13
List the prime factors of 107112.
2, 3, 4463
What are the prime factors of 6869?
6869
List the prime factors of 37945.
5, 7589
List the prime factors of 4658.
2, 17, 137
What are the prime factors of 2016?
2, 3, 7
List the prime factors of 203999.
203999
List the prime factors of 10972.
2, 13, 211
What are the prime factors of 79?
79
What are the prime factors of 1617?
3, 7, 11
List the prime factors of 159713.
59, 2707
What are the prime factors of 73987?
241, 307
What are the prime factors of 3140?
2, 5, 157
List the prime factors of 9042.
2, 3, 11, 137
List the prime factors of 46130.
2, 5, 7, 659
List the prime factors of 4103.
11, 373
What are the prime factors of 2649?
3, 883
What are the prime factors of 22223?
71, 313
What are the prime factors of 42142?
2, 19, 1109
List the prime factors of 453.
3, 151
List the prime factors of 125036.
2, 31259
What are the prime factors of 1525?
5, 61
List the prime factors of 89100.
2, 3, 5, 11
What are the prime factors of 55733?
55733
List the prime factors of 1993.
1993
List the prime factors of 95726.
2, 23, 2081
List the prime factors of 1652.
2, 7, 59
List the prime factors of 26.
2, 13
What are the prime factors of 838?
2, 419
List the prime factors of 3468.
2, 3, 17
List the prime factors of 8924.
2, 23, 97
List the prime factors of 3084.
2, 3, 257
What are the prime factors of 20641?
20641
What are the prime factors of 617?
617
List the prime factors of 5067.
3, 563
What are the prime factors of 16808?
2, 11, 191
List the prime factors of 33700.
2, 5, 337
What are the prime factors of 117311?
73, 1607
List the prime factors of 89646.
2, 3, 67, 223
List the prime factors of 5760.
2, 3, 5
List the prime factors of 20252.
2, 61, 83
List the prime factors of 50725.
5, 2029
What are the prime factors of 43544?
2, 5443
List the prime factors of 53342.
2, 149, 179
List the prime factors of 5707.
13, 439
List the prime factors of 33326.
2, 19, 877
What are the prime factors of 1749?
3, 11, 53
What are the prime factors of 6339?
3, 2113
What are the prime factors of 5897?
5897
List the prime factors of 1940.
2, 5, 97
List the prime factors of 1708.
2, 7, 61
List the prime factors of 9064.
2, 11, 103
What are the prime factors of 103370?
2, 5, 10337
List the prime factors of 4321.
29, 149
List the prime factors of 10944.
2, 3, 19
What are the prime factors of 2901?
3, 967
List the prime factors of 428.
2, 107
List the prime factors of 16586.
2, 8293
List the prime factors of 1613.
1613
List the prime factors of 64949.
107, 607
What are the prime factors of 14295?
3, 5, 953
List the prime factors of 978.
2, 3, 163
List the prime factors of 126.
2, 3, 7
What are the prime factors of 272?
2, 17
What are the prime factors of 255?
3, 5, 17
What are the prime factors of 5856?
2, 3, 61
What are the prime factors of 16109?
89, 181
What are the prime factors of 2041?
13, 157
What are the prime factors of 8742?
2, 3, 31, 47
What are the prime factors of 61121?
61121
What are the prime factors of 1900?
2, 5, 19
List the prime factors of 177008.
2, 13, 23, 37
List the prime factors of 2025.
3, 5
List the prime factors of 48673.
48673
What are the prime factors of 316?
2, 79
What are the prime factors of 2245?
5, 449
List the prime factors of 6367.
6367
What are the prime factors of 2634?
2, 3, 439
List the prime factors of 55840.
2, 5, 349
List the prime factors of 72477.
3, 8053
List the prime factors of 863.
863
List the prime factors of 25067.
7, 3581
What are the prime factors of 96110?
2, 5, 7, 1373
What are the prime factors of 10246?
2, 47, 109
List the prime factors of 2124.
2, 3, 59
What are the prime factors of 370?
2, 5, 37
What are the prime factors of 5489?
11, 499
List the prime factors of 663.
3, 13, 17
What are the prime factors of 10632?
2, 3, 443
List the prime factors of 28.
2, 7
List the prime factors of 118310.
2, 5, 11831
List the prime factors of 5628.
2, 3, 7, 67
List the prime factors of 10878.
2, 3, 7, 37
What are the prime factors of 3732?
2, 3, 311
List the prime factors of 34116.
2, 3, 2843
What are the prime factors of 74984?
2, 7, 13, 103
List the prime factors of 155459.
83, 1873
What are the prime factors of 12477?
3, 4159
List the prime factors of 2727.
3, 101
What are the prime factors of 6393?
3, 2131
What are the prime factors of 1070?
2, 5, 107
What are the prime factors of 110496?
2, 3, 1151
List the prime factors of 94635.
3, 5, 701
List the prime factors of 829.
829
List the prime factors of 17846.
2, 8923
What are the prime factors of 1447?
1447
What are the prime factors of 52487?
73, 719
What are the prime factors of 10668?
2, 3, 7, 127
What are the prime factors of 7864?
2, 983
What are the prime factors of 4838?
2, 41, 59
List the prime factors of 1108.
2, 277
What are the prime factors of 33281?
23, 1447
List the prime factors of 13347.
3, 1483
What are the prime factors of 2381?
2381
List the prime factors of 163.
163
What are the prime factors of 201?
3, 67
List the prime factors of 8641.
8641
What are the prime factors of 10588?
2, 2647
What are the prime factors of 2341?
2341
List the prime factors 